 a multiple of 35?
True
Is 6985 a multiple of 15?
False
Is 8140 a multiple of 10?
True
Is 126 a factor of 25956?
True
Is 17648 a multiple of 3?
False
Does 8 divide 14394?
False
Is 2158 a multiple of 13?
True
Is 2895 a multiple of 15?
True
Is 3 a factor of 402?
True
Does 44 divide 2346?
False
Does 78 divide 936?
True
Does 7 divide 602?
True
Does 59 divide 7771?
False
Does 14 divide 14?
True
Does 12 divide 1680?
True
Does 48 divide 1562?
False
Is 13 a factor of 1274?
True
Is 15675 a multiple of 37?
False
Is 233 a factor of 9124?
False
Is 177 a multiple of 11?
False
Is 15 a factor of 2169?
False
Is 4 a factor of 284?
True
Is 13 a multiple of 2?
False
Is 3207 a multiple of 30?
False
Is 623 a multiple of 7?
True
Is 3 a factor of 286?
False
Is 83 a multiple of 15?
False
Does 130 divide 4715?
False
Is 5247 a multiple of 159?
True
Is 425 a multiple of 34?
False
Does 4 divide 161?
False
Does 164 divide 28231?
False
Is 22950 a multiple of 170?
True
Does 85 divide 18315?
False
Is 2946 a multiple of 6?
True
Is 2497 a multiple of 11?
True
Is 41 a factor of 9310?
False
Does 18 divide 413?
False
Is 55 a multiple of 30?
False
Is 60 a multiple of 52?
False
Does 8 divide 259?
False
Is 265 a multiple of 53?
True
Is 22438 a multiple of 9?
False
Does 32 divide 600?
False
Does 2 divide 234?
True
Is 12264 a multiple of 42?
True
Is 53 a multiple of 10?
False
Does 6 divide 54?
True
Is 1080 a multiple of 5?
True
Is 21 a factor of 1575?
True
Does 2 divide 1023?
False
Does 41 divide 213?
False
Is 2461 a multiple of 6?
False
Is 1168 a multiple of 73?
True
Is 575 a multiple of 25?
True
Is 15 a factor of 17367?
False
Does 2 divide 607?
False
Is 5782 a multiple of 117?
False
Does 7 divide 8477?
True
Does 2 divide 97?
False
Does 23 divide 15594?
True
Is 26 a factor of 4480?
False
Is 192 a multiple of 12?
True
Is 110 a factor of 36520?
True
Is 688 a multiple of 23?
False
Is 6746 a multiple of 12?
False
Is 44 a factor of 176?
True
Does 30 divide 1876?
False
Is 9271 a multiple of 12?
False
Is 18860 a multiple of 41?
True
Does 12 divide 9102?
False
Is 13 a factor of 8423?
False
Is 37354 a multiple of 19?
True
Is 52 a factor of 1854?
False
Is 6789 a multiple of 218?
False
Is 180 a multiple of 9?
True
Does 29 divide 174?
True
Is 14 a factor of 3038?
True
Is 75027 a multiple of 5?
False
Does 36 divide 1656?
True
Is 27 a factor of 1161?
True
Does 169 divide 24766?
False
Is 868 a multiple of 7?
True
Is 18102 a multiple of 37?
False
Does 98 divide 3920?
True
Is 93295 a multiple of 397?
True
Does 2 divide 81?
False
Is 143 a multiple of 13?
True
Does 12 divide 74376?
True
Is 135 a multiple of 2?
False
Does 2 divide 1312?
True
Is 160 a factor of 1627?
False
Is 47196 a multiple of 23?
True
Does 19 divide 2775?
False
Does 33 divide 693?
True
Is 9357 a multiple of 62?
False
Does 4 divide 196?
True
Does 17 divide 986?
True
Does 78 divide 3386?
False
Is 23 a factor of 60?
False
Is 78000 a multiple of 60?
True
Is 79 a factor of 57907?
True
Is 2 a factor of 41?
False
Is 13870 a multiple of 95?
True
Is 4 a factor of 2397?
False
Is 19 a factor of 874?
True
Does 3 divide 932?
False
Is 35131 a multiple of 13?
False
Is 13 a factor of 8639?
False
Is 127 a factor of 2002?
False
Does 21 divide 871?
False
Is 6504 a multiple of 18?
False
Does 79 divide 1168?
False
Is 87 a factor of 1360?
False
Does 15 divide 36390?
True
Is 46 a factor of 2162?
True
Is 7372 a multiple of 19?
True
Is 1872 a multiple of 26?
True
Is 4620 a multiple of 14?
True
Does 42 divide 5292?
True
Is 35 a factor of 1015?
True
Does 34 divide 1734?
True
Does 53 divide 6784?
True
Is 21 a factor of 2541?
True
Does 13 divide 377?
True
Does 37 divide 1373?
False
Is 38 a factor of 29675?
False
Does 13 divide 1703?
True
Is 4 a factor of 1392?
True
Is 35 a factor of 28974?
False
Does 11 divide 1540?
True
Does 41 divide 6027?
True
Does 11 divide 1276?
True
Is 16 a factor of 503?
False
Is 84 a factor of 22141?
False
Does 10 divide 10?
True
Does 2 divide 1340?
True
Is 52934 a multiple of 150?
False
Is 271 a factor of 45434?
False
Is 7 a factor of 2002?
True
Is 59 a factor of 38842?
False
Is 6775 a multiple of 87?
False
Is 23 a factor of 282?
False
Is 25 a factor of 5920?
False
Does 14 divide 993?
False
Is 51 a factor of 11220?
True
Is 94376 a multiple of 47?
True
Does 6 divide 2604?
True
Does 56 divide 1176?
True
Is 101674 a multiple of 58?
True
Does 224 divide 12096?
True
Is 4305 a multiple of 105?
True
Is 86190 a multiple of 14?
False
Is 11286 a multiple of 35?
False
Does 126 divide 3402?
True
Is 5446 a multiple of 2?
True
Is 49 a factor of 11564?
True
Does 7 divide 1444?
False
Does 11 divide 231?
True
Does 287 divide 69102?
False
Does 49 divide 13132?
True
Is 13167 a multiple of 19?
True
Is 13 a factor of 68725?
False
Is 33 a factor of 1221?
True
Is 8 a factor of 8?
True
Is 17 a factor of 8857?
True
Is 137037 a multiple of 51?
True
Is 473 a multiple of 13?
False
Is 340 a multiple of 20?
True
Does 60 divide 3840?
True
Does 36 divide 1764?
True
Does 21 divide 72890?
False
Is 53 a factor of 6541?
False
Is 3464 a multiple of 67?
False
Is 12 a factor of 1140?
True
Is 3 a factor of 214?
False
Is 18 a factor of 579?
False
Is 1382 a multiple of 42?
False
Does 13 divide 39273?
True
Is 73963 a multiple of 41?
False
Is 30 a factor of 824?
False
Is 5 a factor of 24337?
False
Does 20 divide 1688?
False
Does 59 divide 885?
True
Is 21 a factor of 2499?
True
Is 725 a multiple of 12?
False
Is 68 a factor of 1292?
True
Is 9 even?
False
Is 7 a factor of 1799?
True
Is 43 a factor of 5468?
False
Is 30 a factor of 8940?
True
Does 16 divide 144?
True
Does 23 divide 46?
True
Is 58 a factor of 347?
False
Does 38 divide 2432?
True
Is 5 a factor of 3294?
False
Is 230 a multiple of 11?
False
Does 179 divide 15081?
False
Does 13 divide 2650?
False
Does 17 divide 3471?
False
Is 28 a factor of 1904?
True
Does 67 divide 513?
False
Does 19 divide 7315?
True
Is 32 a factor of 154944?
True
Is 108422 a multiple of 46?
True
Does 95 divide 30115?
True
Is 4 a factor of 14472?
True
Is 2562 a multiple of 14?
True
Does 8 divide 11859?
False
Is 69 a factor of 6693?
True
Is 3196 a multiple of 227?
False
Is 1109 a multiple of 4?
False
Does 46 divide 2622?
True
Is 75494 a multiple of 15?
False
Does 4 divide 4832?
True
Does 4 divide 40?
True
Is 63374 a multiple of 131?
False
Does 7 divide 413?
True
Is 3 a factor of 46?
False
Is 11082 a multiple of 6?
True
Is 15794 even?
True
Does 16 divide 61590?
False
Is 20 a multiple of 20?
True
Is 58 a factor of 14574?
False
Is 417 a multiple of 45?
False
Is 14795 a multiple of 132?
False
Is 2982 a multiple of 21?
True
Is 303 a multiple of 2?
False
Is 659 a multiple of 39?
False
Is 3550 a multiple of 36?
False
Does 38 divide 1160?
False
Is 22267 a multiple of 44?
False
Is 16 a factor of 1280?
True
Is 14 a factor of 45136?
True
Is 2628 a multiple of 12?
True
Is 59 a multiple of 3?
False
Does 52 divide 39830?
False
Does 77 divide 7824?
False
Does 23 divide 4531?
True
Does 10 divide 64240?
True
Is 24 a factor of 1032?
True
Is 17724 a multiple of 69?
False
Is 14 a factor of 2730?
True
Is 15 a factor of 990?
True
Is 3 a factor of 182?
False
Does 13 divide 60541?
True
Is 13 a factor of 997?
False
Is 95 a factor of 3610?
True
Is 21 a factor of 28077?
True
Does 2 divide 142?
True
Is 25792 a multiple of 104?
True
Is 41 a factor of 318?
False
Does 55 divide 2530?
True
Does 65 divide 3185?
True
Does 52 divide 4160?
True
Is 1119 a multiple of 3?
True
Is 34 a factor of 1462?
True
Is 24 a factor of 17568?
True
Is 53 a factor of 1304?
False
Is 152 a factor of 15352?
True
Is 16 a factor of 769?
False
Does 100 divide 59579?
False
Is 179 a multiple of 30?
False
Is 48 a factor of 1458?
False
Is 16 a factor of 598?
False
Is 43 a factor of 1007?
False
Is 1572 a multiple of 3?
True
Does 27 divide 11421?
True
Does 13 divide 546?
True
Is 5 a factor of 111?
False
Is 6 a factor of 210?
True
Is 9856 a multiple of 128?
True
Does 22 divide 1430?
True
Is 9 a factor of 688?
False
Does 25 divide 1700?
True
Is 15480 a multiple of 129?
True
Is 486 a multiple of 9?
True
Is 345 a multiple of 15?
True
Is 7815 a multiple of 6?
False
Is 15 a factor of 8533?
False
Is 7 a factor of 167?
False
Is 25475 a multiple of 7?
False
Does 20 divide 60140?
True
Does 43 divide 9331?
True
Is 169 a factor